{"id":34,"date":"2024-07-12T18:31:21","date_gmt":"2024-07-12T16:31:21","guid":{"rendered":"https:\/\/techea.fr\/?page_id=34"},"modified":"2024-12-30T16:08:45","modified_gmt":"2024-12-30T15:08:45","slug":"sauvegarde","status":"publish","type":"page","link":"https:\/\/techea.fr\/index.php\/sauvegarde\/","title":{"rendered":"Sauvegarde"},"content":{"rendered":"\n<p>La sauvegarde est l&rsquo;un des \u00e9l\u00e9ments les plus important pour une entreprise ! C&rsquo;est ce qui va vous permettre en cas de suppression d\u00e9lib\u00e9r\u00e9 ou non de r\u00e9cup\u00e9rer l&rsquo;int\u00e9gralit\u00e9 de vos donn\u00e9es en un minimum de temps !<\/p>\n\n\n\n<p><\/p>\n\n\n\n<figure class=\"wp-block-image aligncenter size-full\"><img loading=\"lazy\" decoding=\"async\" width=\"700\" height=\"224\" src=\"https:\/\/techea.fr\/wp-content\/uploads\/2024\/07\/sauvegarde_informatique.jpg\" alt=\"\" class=\"wp-image-48\"\/><\/figure>\n\n\n\n<p>Plusieurs solutions peuvent \u00eatre utilis\u00e9 pour proc\u00e9der \u00e0 la sauvegarde r\u00e9guli\u00e8re de vos donn\u00e9es, et ce adapt\u00e9 \u00e0 vos besoins (pour toutes demande de devis veuillez nous contacter via ce <a href=\"https:\/\/techea.fr\/index.php\/contact\/\" data-type=\"link\" data-id=\"https:\/\/techea.fr\/index.php\/contact\/\"><em>formulaire<\/em><\/a> ou par t\u00e9l\u00e9phone au (+33) 6 68 60 41 63).<\/p>\n\n\n\n<p><\/p>\n","protected":false},"excerpt":{"rendered":"<p>La sauvegarde est l&rsquo;un des \u00e9l\u00e9ments les plus important pour une entreprise ! C&rsquo;est ce qui va vous permettre en cas de suppression d\u00e9lib\u00e9r\u00e9 ou non de r\u00e9cup\u00e9rer l&rsquo;int\u00e9gralit\u00e9 de vos donn\u00e9es en un minimum de temps ! Plusieurs solutions peuvent \u00eatre utilis\u00e9 pour proc\u00e9der \u00e0 la sauvegarde r\u00e9guli\u00e8re de vos donn\u00e9es, et ce adapt\u00e9 [&hellip;]<\/p>\n","protected":false},"author":1,"featured_media":0,"parent":0,"menu_order":0,"comment_status":"closed","ping_status":"closed","template":"","meta":{"footnotes":""},"class_list":["post-34","page","type-page","status-publish","hentry"],"_links":{"self":[{"href":"https:\/\/techea.fr\/index.php\/wp-json\/wp\/v2\/pages\/34","targetHints":{"allow":["GET"]}}],"collection":[{"href":"https:\/\/techea.fr\/index.php\/wp-json\/wp\/v2\/pages"}],"about":[{"href":"https:\/\/techea.fr\/index.php\/wp-json\/wp\/v2\/types\/page"}],"author":[{"embeddable":true,"href":"https:\/\/techea.fr\/index.php\/wp-json\/wp\/v2\/users\/1"}],"replies":[{"embeddable":true,"href":"https:\/\/techea.fr\/index.php\/wp-json\/wp\/v2\/comments?post=34"}],"version-history":[{"count":7,"href":"https:\/\/techea.fr\/index.php\/wp-json\/wp\/v2\/pages\/34\/revisions"}],"predecessor-version":[{"id":106,"href":"https:\/\/techea.fr\/index.php\/wp-json\/wp\/v2\/pages\/34\/revisions\/106"}],"wp:attachment":[{"href":"https:\/\/techea.fr\/index.php\/wp-json\/wp\/v2\/media?parent=34"}],"curies":[{"name":"wp","href":"https:\/\/api.w.org\/{rel}","templated":true}]}}